t of j?
2
Let r = -35 - -84. What is the units digit of r?
9
Let t be (-3 - 0/(-2)) + 6. Let v(f) = 6*f - 7. Let q(b) = -5*b + 6. Let m(o) = -4*q(o) - 3*v(o). What is the units digit of m(t)?
3
Suppose 0 = -c - 3*f + 14, -4*f = 2*c + 3*c - 70. Suppose 54 = 5*i + c. What is the units digit of i?
8
Suppose i = -3*i + 12. Suppose -3*n - i*p + 10 = -4*p, -4*n + p = -13. Suppose -2*v + 4*q + 42 = 0, n*v + 3 = q + 61. What is the tens digit of v?
1
What is the units digit of 9/6*264/9?
4
Let g(x) = -21*x**3 + x + 1. Let o = -6 - -5. What is the units digit of g(o)?
1
Suppose 2*u - 109 - 127 = 0. What is the hundreds digit of u?
1
Let n(b) = 4*b - 2. Let y be n(2). Let o = 6 + y. What is the tens digit of o?
1
Suppose -5*f + 315 - 105 = 0. What is the units digit of f?
2
Suppose -168 = -8*g - 16. What is the units digit of g?
9
Let b = -33 + 15. Let j = 26 + b. What is the units digit of j?
8
Suppose -y + 5*y = 260. What is the tens digit of y?
6
Let t be (-32)/(-5) - (-4)/(-10). Let q(u) = 2*u - 5. Let c(g) = -3*g + 8. Let m(r) = -5*c(r) - 7*q(r). What is the units digit of m(t)?
1
Suppose -3*a - 2 - 7 = 0. Let x = a + 9. What is the units digit of x?
6
Suppose 4*m - 170 = -5*l, -4*l - 57 = -2*m - 167. What is the tens digit of l?
3
Let z = -2 + -3. Let i = 7 + z. What is the units digit of i?
2
Suppose -i + 462 = i - 3*c, -5*i = 3*c - 1176. What is the units digit of i?
4
What is the units digit of (-15)/9*(-252)/3?
0
Let o = 2 + 1. Suppose 5*v - 20 - 13 = -4*d, 3*d - o*v = 18. What is the units digit of d?
7
Let a(h) be the first derivative of -h**3 + 1/4*h**4 + 0*h - 4 + 0*h**2. What is the tens digit of a(4)?
1
Let y(k) = 7*k**2 - 2*k - 2. What is the tens digit of y(2)?
2
Let a = 26 + -4. What is the units digit of a?
2
Let p(s) = 4*s**2 + 3*s - 19. What is the tens digit of p(-5)?
6
Let a = -430 - -818. What is the tens digit of a?
8
Suppose 28*y = 33*y - 470. What is the tens digit of y?
9
Suppose -1226 = -12*o + 22. What is the hundreds digit of o?
1
Suppose 2*r - 53 = -z, 0*r + 4*r - 111 = -3*z. What is the tens digit of r?
2
Let r(o) be the third derivative of 0 - 2*o**2 + 5/6*o**3 + 1/60*o**5 + 0*o + 5/24*o**4. What is the units digit of r(-4)?
1
Suppose -2*l = -4*u - 4, -5*u = -3*u. Suppose -5 + 19 = l*d. Suppose 3*h + 11 + d = 2*o, 5*o + 2*h = 26. What is the units digit of o?
6
Let z = 23 - 18. Suppose -4*m = 1 - z. What is the units digit of m?
1
Let h(s) = -29*s - 1. What is the hundreds digit of h(-4)?
1
Let i be 2 - (-3 - 1*-10). Let t(q) = -q**2 - 8*q - 3. What is the units digit of t(i)?
2
Suppose 3*b - j = 26, 2*b - j - 12 = -3*j. What is the tens digit of (-5)/(10/(-3))*b?
1
Let n = -167 - -184. What is the tens digit of n?
1
Suppose -3 = -4*r + 13. Suppose -c + 70 = r*c. What is the units digit of c?
4
Let u = 1 - -1. Suppose 24 = u*b + 2*b. What is the units digit of b?
6
Let h(l) = -26*l**3 - l - 1. What is the tens digit of h(-1)?
2
Suppose 3*u = u + 12. Let r be (1 - 3)/((-6)/u). Suppose 2*g - 7 = -j, 0 = -4*g - r*j - j + 13. What is the units digit of g?
4
Let l be ((-12)/(-15))/(4/(-10)). What is the tens digit of (-2)/l*13/1?
1
Suppose 0 = -l, 4*i + 3*l = 2*i + 6. Suppose i*w - 18 = 69. What is the units digit of w?
9
Let j(a) = -a**3 - 9*a**2 + 10*a + 3. Let s be j(-10). Suppose s*v - v - 4 = 0. What is the units digit of v?
2
Let z(p) = -p**3 - 2*p**2 + 5*p + 5. Let w be z(-4). Suppose -2*t + 19 = -3*d, -4*t - 3*d = 2*d + w. What is the units digit of (1 + t)/(3/4)?
4
Let f = 18 + 11. What is the tens digit of f?
2
What is the units digit of (-3102)/(-18) - (-4)/6?
3
Suppose r + 72 = -4*r - 4*a, 0 = 2*r + 3*a + 33. Let n = r + 22. What is the tens digit of n?
1
Let w(c) = c**2 - 3*c - 6. What is the units digit of w(6)?
2
Let n be (1 - 2) + 2 + 3. Suppose n*m = 30 + 58. What is the units digit of m?
2
Let j(h) = -21*h - 65. What is the hundreds digit of j(-15)?
2
Let l(a) = a + 10. Let k be (2 - 5)*(-10)/6. Let b be (1/(-2))/(k/60). What is the units digit of l(b)?
4
Let l(q) = 7*q + 4. What is the units digit of l(3)?
5
Let r(t) = t - 4. Let q be r(7). Let j(h) = 3*h**2 - h. What is the tens digit of j(q)?
2
Let a = 4 - 4. Let v be 15/(-1) - (-1 - a). What is the units digit of (-4)/(-14) - 10/v?
1
What is the tens digit of (-191)/(-1) - 3 - (-4 + 0)?
9
Let r(z) = z**3 - z**2 + 2*z - 3. Let p be r(2). Let s(g) = -g**3 + 5*g**2 + 2*g + 2. What is the units digit of s(p)?
2
Let g = -24 + 55. What is the units digit of g?
1
Let c(s) = -s - 9. Let w be c(-11). Suppose w*g = -0*g - 2*j, j = -2. What is the units digit of g?
2
Suppose 0 = -g + 2*j + 11, -3*g + 32 = g - 5*j. Suppose -2*b + 9 = -3*b - z, -4*b - g*z = 34. Let o(m) = -2*m - 4. What is the tens digit of o(b)?
1
Let z(m) be the first derivative of m**2 - 5*m + 5. What is the units digit of z(10)?
5
Let b be (1 - -3) + 8/(-4). Let n = b - -1. What is the units digit of 20/n + (-2)/(-6)?
7
Let g = 42 + -17. Suppose 105 - g = 5*p + 2*y, -2*p + 2*y = -32. Suppose -p = -i - i. What is the units digit of i?
8
Let l(r) = 2*r - 10. What is the units digit of l(6)?
2
Let z(d) = 2*d**3 + 4*d + 4. Let h be z(-4). What is the units digit of 3/(-4) - h/16?
8
Suppose o + 46 - 126 = 0. What is the tens digit of o?
8
Suppose 0 = -2*i + 7*i + 15. Let n be (-6)/(-9) + (-4)/i. Suppose n*w + 60 = 6*w. What is the units digit of w?
5
Let c be (-23)/(-3) - (-5)/15. Let y be 34/c*(-2 - 2). Let s = 28 + y. What is the tens digit of s?
1
Suppose 11 = 2*m - 21. Let u = -9 + m. What is the units digit of u?
7
Suppose 8*t - 930 = 2*t. What is the units digit of t?
5
Suppose 51 = -4*v - 69. Let r = v + 42. What is the units digit of r?
2
Suppose 4*f = -5*t + 370, 0*t + 4*f + 50 = t. What is the tens digit of t?
7
Let z = -18 - -32. What is the tens digit of z?
1
Let j(v) be the second derivative of v**3/2 + 3*v**2 + 4*v. What is the units digit of j(6)?
4
What is the hundreds digit of (-5)/30 + (-2750)/(-12)?
2
Let y = -13 + 22. Let l = 32 + y. What is the tens digit of l?
4
Let f = 8 + 62. What is the units digit of f?
0
Suppose l + 3*l - 132 = 0. What is the tens digit of l?
3
Let j be (-2)/(0 - 2) + 1. Suppose 0 = -j*n - 5 + 3. Let o = 2 - n. What is the units digit of o?
3
Let l(a) be the first derivative of a**5/10 - a**4/24 + a**2/2 + 1. Let q(t) be the second derivative of l(t). What is the units digit of q(-1)?
7
Let z(o) = 15*o - 1. What is the tens digit of z(1)?
1
What is the hundreds digit of 1492/12 + -3 - (-4)/6?
1
Suppose -3*l = w - 14, -6*w + 16 = 2*l - 4*w. Let m = l - 4. What is the units digit of ((-12)/10)/(m/5)?
6
Let x be 7 + (18/3)/(-3). Let y(l) = 3*l**2 + 4*l - x + 0*l**2 + 2. What is the units digit of y(2)?
7
Let x be (-2)/(-3) - 7/(-21). What is the units digit of ((-133)/(-28))/(x/12)?
7
Let x(u) be the third derivative of u**6/120 - 2*u**5/15 - 7*u**4/24 - 7*u**3/6 - u**2. Suppose 0 = 2*r - 0*r - 18. What is the units digit of x(r)?
1
Let z(w) = -120*w**3 + 2*w**2 + 2*w + 1. What is the hundreds digit of z(-1)?
1
Suppose 4*r + 50 = 2*n, 0 = -2*n - n + r + 60. What is the units digit of n?
9
Let t(k) = k**2 + 5*k - 46. What is the units digit of t(17)?
8
Suppose 1 = 5*b + 4*u + 6, 3*b - 4*u = 29. Let i = 0 + b. What is the units digit of i?
3
Let z(b) = b**3 - 2*b**2 - 7*b + 24. What is the tens digit of z(5)?
6
Let k = -83 - -273. What is the units digit of k?
0
Suppose -2*m + 120 = 3*m. Let v = 47 - m. What is the tens digit of v?
2
Suppose -4 = -4*c - 4*t, -5*c - t = 6 - 31. Suppose 24 = u - c. What is the tens digit of u?
3
Let w(v) = v**2 + 14*v + 4. Let b be w(-14). Suppose b*u = -31 + 167. What is the units digit of u?
4
Suppose -5*s - 73 = -5*k - 8, k + 4*s = 8. Let t = 7 - k. Let r(z) = -3*z. What is the tens digit of r(t)?
1
Let v(a) = a**2 - 7*a + 7. What is the tens digit of v(8)?
1
Let w = -13 - 2. Let n = -9 - w. What is the units digit of n?
6
Let q(v) = v**3 - 6*v**2 + 2*v - 5. Let k be q(6). Suppose -9 = -k*n + 4*n + 2*g, 2*n = -4*g + 6. Suppose -2*s + n = -3. What is the units digit of s?
3
Suppose 3*z = -2*h, z + 4*z = 5*h - 25. Let u(g) = -1 - 10*g**3 + 0*g**2 + g**h + g**2. What is the units digit of u(-1)?
9
Let f(r) = r**3 - 13*r**2 + 19*r + 22. Let d(o) = o + 1. Let l(i) = -6*d(i) + f(i). What is the tens digit of l(12)?
2
Let i = -1